 = 1. Let c(t) = -t - 14. Let i(o) = -c(o) + u(o). Let x be i(-3). What is the greatest common factor of x and 96?
12
Let w be (-88)/3*(-45)/10. Let z = 144 - 111. What is the greatest common divisor of w and z?
33
Suppose 0 = -18*n + 13 + 77. Suppose -3*u + 40 = -2*s, -s = -n*s + 16. What is the greatest common factor of u and 176?
16
Suppose 2717*g - 2722*g = -40. What is the highest common factor of 824 and g?
8
Suppose 0 = 2*x - 4*c - 2204, 5495 = 5*x + 4*c + c. Calculate the highest common factor of 200 and x.
100
Let w(o) = -o**3 + 16*o**2 - o + 3. Let n be w(9). What is the greatest common factor of n and 66?
33
Let f = -81 + 85. Calculate the highest common factor of 2 and f.
2
Let j = -83 - -135. Let w = 57 - j. Calculate the highest common factor of 25 and w.
5
Suppose 3*w = w + 44. Suppose 5*k + 2*l - 33 - w = 0, -l = -5. Let n be (-1226)/(-9) + (-2)/k. Calculate the greatest common divisor of 17 and n.
17
Let s(j) = 7*j**2 - 15*j + 8. Let t be s(-6). Calculate the greatest common factor of t and 10.
10
Suppose 4*k - 5*u = 884, 5*k - 1374 = 4*u - 278. Calculate the highest common divisor of k and 612.
36
Suppose s - 3*z - 39 = 0, 2*s - s - 2*z - 38 = 0. Calculate the greatest common factor of 234 and s.
18
Suppose k = -2*k. Suppose -2*b + 40 = -k*b. Let i(s) = -s**2 + 8*s - 7. Let l be i(6). Calculate the highest common factor of l and b.
5
Let i = -72 - -53. Let a be -2 - (i + -1) - -2. What is the greatest common factor of a and 160?
20
Let d = -61 - -67. Let p be 4/d - 17/(357/(-1330)). What is the highest common factor of 32 and p?
32
Suppose -7*r + 14 + 77 = 0. What is the greatest common factor of r and 533?
13
Suppose -5*b + 585 = 5*n, -2*n + 122 = -n + 2*b. Let g = n + -58. Calculate the greatest common factor of 18 and g.
18
Let v = -49 + 71. Suppose -4*q = 2*w - v, -q - 3*q = -2*w + 62. Suppose -703 + 136 = -3*m. What is the highest common divisor of m and w?
21
Suppose 0 = -f - o + 120, -4*o = 2*f - 47 - 183. What is the highest common divisor of f and 100?
25
Let f be ((-4)/8)/(1/(-208)). Suppose 0 = d + d - 4*b - 94, 3*d - 121 = b. Calculate the greatest common factor of f and d.
13
Suppose 2*d - 598 = s, -12*d + 7*d - 4*s + 1469 = 0. Calculate the greatest common divisor of 264 and d.
33
Let n be (10/15)/(6/(-9)). Let y(q) = -7*q - 2. Let x be y(n). Calculate the highest common divisor of 2 and x.
1
Suppose 14*l = 11*l - 4*x + 123, l = 5*x + 60. Calculate the greatest common divisor of 315 and l.
45
Let z be (-3)/((-18)/(-30)) - -17. Calculate the highest common divisor of z and 192.
12
Let w(l) = -l + 9. Let z be w(6). Suppose 0 = z*q + 2*q - 15. Suppose q*f - 11 = -n, 0 = -7*n + 3*n - f + 44. Calculate the highest common factor of 11 and n.
11
Suppose y + 0*y = -6. Let j = y + 11. Suppose 0 = -r - 3*h + 40, -2*h + 200 = 13*r - 8*r. What is the highest common divisor of r and j?
5
Let g be 8/44 + (-86)/(-11). Let q be 24*((-10)/4)/(-5). Let h be q/8*(-16)/(-3). What is the highest common factor of h and g?
8
Suppose 3*n = 779 + 361. Let b(p) = -2*p + 1. Let o be b(-1). Suppose 2*c = u - 70, -5*u + c + o*c + n = 0. What is the greatest common divisor of 10 and u?
10
Let t(p) = 4*p**2 + 141*p - 552. Let m be t(4). Calculate the highest common factor of m and 171.
19
Suppose 128*j - 124*j - 120 = 0. What is the greatest common factor of 90 and j?
30
Suppose 0 = -r + 1, 3*l + 5*r + 5 = 8*l. Let j be (l/(-2))/(1*2/(-8)). Calculate the highest common factor of j and 2.
2
Suppose -3*g + 2*g - 19 = 0. Suppose -f - 115 = -5*s - 0*f, f = 0. Let a = g + s. What is the highest common divisor of a and 32?
4
Suppose -8 = 4*q, -12 = -4*h + 2*q + 56. Let v = h + -15. What is the highest common divisor of 2 and v?
1
Suppose -4*b + 113 - 25 = 0. Let o(c) = 3*c**2 + c - 3. Let q be o(2). What is the highest common divisor of q and b?
11
Let j = -292 + 340. What is the greatest common divisor of j and 84?
12
Suppose -36 = 12*a - 15*a. Suppose 16 - 148 = -a*g. Calculate the greatest common factor of g and 77.
11
Let c be (-116)/(-4)*(-18)/(-9). Let i = 32 + c. Calculate the highest common factor of i and 18.
18
Suppose -22 = -2*b - 2*x, -10 = -5*b + 3*x + x. Suppose b*c - 4*c = 22. What is the greatest common divisor of c and 22?
11
Let v(y) = -53*y**3 + y - 53*y**3 + 105*y**3 - 2 + 3*y**2. Suppose -x = 1 + 1. Let g be v(x). Calculate the greatest common divisor of 24 and g.
8
Suppose -1964 = -y + 31*q - 29*q, -7844 = -4*y + 2*q. What is the greatest common divisor of 40 and y?
40
Suppose 4*x = 3*x + 25. Let j(u) = 138*u + 10 - 149*u + u**2 + 5. Let b be j(10). What is the highest common divisor of b and x?
5
Let m be (-5)/(6544/728 + -9). Calculate the highest common divisor of m and 140.
35
Suppose -5*t = -3*u - 319, -2*u + 5*t - 303 = -82. Let r = u - -116. Calculate the highest common divisor of r and 12.
6
Suppose -q + 70 = 3*d, 3*q + 2*q - 20 = 0. Suppose 4 = -2*u + d. What is the greatest common factor of 36 and u?
9
Let x(s) = 26*s - 22. Let u be x(17). Calculate the highest common factor of 14 and u.
14
Suppose 5*r + 4 = -5*m + 34, -3*r + 2*m = -8. Let l(k) = 11*k**2 + k + 2. Let y be l(r). What is the greatest common divisor of y and 26?
26
Let y(w) = w**3 + 2*w**2 - 5*w - 3. Let r be y(-2). Suppose r*k - 4*k + 3*q = 18, -22 = -3*k - 2*q. Calculate the greatest common factor of k and 80.
10
Let j(p) = -p. Let a be j(-5). Let f(w) = -3*w - 18. Let i be f(-7). Let o be i/((4 - 2) + -3) + 23. Calculate the greatest common divisor of o and a.
5
Let l = -1608 + 2349. Calculate the greatest common divisor of l and 39.
39
Let b(x) = x**2 - 3. Let i be b(-3). Let u = -52 - -64. What is the greatest common factor of u and i?
6
Let p = 2386 + -2334. Suppose -2*c - 3*c = -65. What is the greatest common divisor of p and c?
13
Let d be (0 - -1) + -1 + 385. Let g(b) be the second derivative of -b**3/6 + 11*b**2 - 19*b. Let j be g(-13). What is the highest common factor of d and j?
35
Suppose 0 = 12*b - b - 165. Calculate the greatest common factor of 795 and b.
15
Let x = -231 + 555. What is the greatest common factor of x and 24?
12
Suppose 2 = 6*c - 8*c. Let f be c - (-2716)/16 - 2/(-8). Calculate the highest common divisor of 13 and f.
13
Let p = 275 + -221. Calculate the greatest common factor of 72 and p.
18
Suppose -3*i = 4*j - 4*i - 14, -4*i - 2 = 2*j. Calculate the highest common divisor of 21 and j.
3
Let g = 53 + -3. Let o(q) = -q**2 + 5*q - 2. Let f be o(3). Suppose f*v = 49 + 31. What is the greatest common factor of g and v?
10
Let i(v) = 5*v**2 + 16*v - 4. Let p = 11 + -17. Let r be i(p). Calculate the highest common factor of 16 and r.
16
Suppose 2*s - 12 = 2*g, 2*s - 6*g = -2*g + 6. Let b = -54 + 52. Let a be 2262/36 + b*(-1)/12. What is the highest common factor of s and a?
9
Suppose -8*p = -4*p + 36. Let d = -21 - p. Let f be (-3)/((d/52)/1). Calculate the greatest common factor of f and 65.
13
Let s = 30 - 27. Suppose m + m + 6 = t, s*t + 4*m + 2 = 0. Suppose t*r = 0, -280 = 4*i - 9*i - 2*r. What is the greatest common factor of i and 14?
14
Suppose -84 = -v + 11. Suppose 11*m - 12*m + v = 0. Suppose 0*i - 2*b + 68 = 2*i, -4*b - m = -3*i. What is the highest common factor of i and 11?
11
Let n(s) = -8*s - 59. Let w be n(-7). Let m(v) = -8*v. Let u be m(w). What is the greatest common divisor of 192 and u?
24
Let f be 50/(-30)*9/20*-48. What is the greatest common factor of f and 225?
9
Let r = 9 - -5. Suppose 339 = 5*v - 3*a - 282, -v = 5*a - 141. What is the greatest common factor of v and r?
14
Let l(f) = f + 1. Let g be l(11). Suppose 0*a + g = 4*a. Suppose -3*b = -p - 8, -5*b + 18 = -a*p - p. What is the greatest common factor of b and 4?
2
Let s be (-89)/(-6) + (-156)/(-936). Let n = 2 - 2. Suppose 3*a - 45 = -n*a. Calculate the highest common factor of a and s.
15
Suppose 26*u = 5778 - 370. Let k(g) = g**3 - 6*g**2 + 3*g + 8. Let b be k(6). What is the greatest common factor of b and u?
26
Let f(q) = 10*q - 72. Let y be f(14). What is the highest common divisor of 8 and y?
4
Let n(u) = 11*u - 72. Let c be n(9). What is the highest common factor of 36 and c?
9
Suppose -97 + 28 = -3*b. What is the highest common factor of 851 and b?
23
Suppose 0 = 2*l - 2 - 4. Suppose -k + 35 = -g, -l*k - 2*k = 3*g - 183. Calculat